*a + x = -f*a - 332, a + 5*x - 100 = 0. What is the tens digit of a?
1
Let n be -1 - (0/(-2) - 4). Suppose -210 = -n*g + 48. Let q = 154 - g. What is the tens digit of q?
6
Let s = 35 - 35. Suppose 42 = 6*r - s. Let j(k) = k**2 - k - 13. What is the tens digit of j(r)?
2
Let r(o) = o**2 + 7*o + 46. Let v be r(14). Suppose -4*f = -v - 416. Let n = f + -110. What is the tens digit of n?
7
Let j be 4*3/7*7. Let i(w) = w**3 - 10*w**2 - 14*w + 2. What is the units digit of i(j)?
2
Let a be (1/(-3))/(62/(-60) + 1). Suppose -j = -a*j + 3249. What is the units digit of j?
1
Let z(k) = -k**3 - 4*k**2 - 5*k + 2. Let c be z(-6). Let j = -812 - -877. Let v = c - j. What is the tens digit of v?
3
Let t = -22 + 22. Let y be 0*(1 + t) - 9860/(-17). Suppose 4*i - 2*j = y, -2*i = 3*j - 65 - 233. What is the tens digit of i?
4
Let m(v) = v**3 + 7*v**2 + 7*v. Let o be m(-6). Let b(c) = -2*c. Let y(l) = -28*l - 61. Let a(j) = b(j) + y(j). What is the tens digit of a(o)?
1
Suppose -9*r - 1430 = 4*r. Let i = 321 + r. What is the units digit of i?
1
Let i(f) = 8255*f - 3551. What is the units digit of i(6)?
9
Suppose -204732 = -473*i + 429*i. What is the thousands digit of i?
4
Let p(a) = -a + 5. Let b be p(3). Let s(k) = 12*k**2 - 5*k + 5. What is the tens digit of s(b)?
4
Let j = -1561 - -1762. What is the hundreds digit of j?
2
Let z(x) = 49*x**3 + 10*x**2 - 7*x - 4. What is the ten thousands digit of z(8)?
2
Let u(g) = 22*g + 7. Let r(b) = -20*b - 6. Let o(d) = -4*r(d) - 5*u(d). Suppose 5*p + 16 = 1. What is the tens digit of o(p)?
7
Let d(r) = -3*r**2 + 26*r + 60. Let a(n) = 11*n**2 - 79*n - 182. Let x(g) = -2*a(g) - 7*d(g). What is the tens digit of x(-16)?
7
Let a(s) = 5*s**2 + 59*s - 1028. What is the units digit of a(37)?
0
Let f(c) = -632*c**3 - 5*c**2 - 9*c - 1. Let r(k) = 633*k**3 + 6*k**2 + 11*k + 1. Let y(b) = 6*f(b) + 5*r(b). What is the units digit of y(-1)?
5
Let g = 18669 - 13230. What is the tens digit of g?
3
Let n(a) = 4*a**2 + 3*a + 15. Let o be n(-3). Let h = o + -31. Suppose -3*i + 88 = -h. What is the tens digit of i?
3
Let h be (2/(-5))/(-11 + 448/40). What is the hundreds digit of -2*h/(-4) - -261?
2
Let z = -9542 + 14082. What is the thousands digit of z?
4
Let g(c) = 7*c - 28*c + 7*c + 9*c + 11. Let o be g(-9). Suppose 5*a = a + o. What is the units digit of a?
4
Suppose 115*q + 28352 = 1628840 + 2544802. What is the ten thousands digit of q?
3
Suppose 5*z - 164552 = 3*u, 4*u + 22687 = 2*z - 43131. What is the hundreds digit of z?
9
Let h = -1532 - -4103. What is the hundreds digit of h?
5
Let j = -26 - -28. What is the units digit of (7250/116)/(1/j)?
5
Suppose -5*p - 3*q + 400 = -8*q, q - 2 = 0. Suppose -j - p = -3*o - 450, -2*j = 5*o - 791. What is the hundreds digit of j?
3
Let s(j) = -17*j**2 + 63*j + 2. Let i(k) = 9*k**2 - 31*k - 1. Let c(d) = 13*i(d) + 6*s(d). What is the hundreds digit of c(4)?
1
Suppose 4*q = r + 28020, -3*q - 18*r = -13*r - 21015. What is the units digit of q?
5
Let d be (-1)/4 - 169/(-4) - 4. Suppose j - 43 + d = 0. Suppose 0 = -4*c + q - 3*q + 280, -4*c - j*q + 280 = 0. What is the units digit of c?
0
Let b(s) = -293*s - 5793. What is the units digit of b(-35)?
2
Let m(v) be the second derivative of 35*v**4/6 + v**3/6 - 3*v**2/2 - 22*v - 3. What is the units digit of m(2)?
9
Let x = 205 + -205. Suppose -3*t = -2*n - 3*n + 1682, x = -2*n - 5*t + 679. What is the tens digit of n?
3
Let q(d) = 2*d**2 + 15*d - 16. Let w(h) = 2*h - 85*h**2 - 12 + 86*h**2 + h. Let k be w(0). What is the units digit of q(k)?
2
Suppose 6*f - 1372 = 8679 + 743. What is the thousands digit of f?
1
Suppose 5*y = 4*y - 3. Let l be (y - -2) + (-48)/3. Let r = 51 + l. What is the tens digit of r?
3
Suppose -21 = -3*r - 5*f + 6, 23 = 5*r + f. Suppose 210 = r*h + 2*h. What is the tens digit of (410/h)/(1/7)?
8
Let a be 4/1 + (-5)/10*-674. Let v = -122 + a. What is the units digit of v?
9
Let a(d) = -2144*d - 2811. What is the ten thousands digit of a(-12)?
2
Let l(i) = 23*i - 64. Suppose -5*m - 12 - 1 = -2*n, 0 = 2*n + 5*m - 63. What is the hundreds digit of l(n)?
3
Let w(x) = 346*x**2 - 141*x + 753. What is the hundreds digit of w(5)?
6
Suppose 3*b = -5*c + 994, c + 2*b = -3*c + 796. Let k be 5/245*7 + (-2585)/(-35). Let i = c - k. What is the tens digit of i?
2
Let l be 17*172 - 0*5/(-25). Suppose 5*s = -999 + l. What is the tens digit of s?
8
Suppose -d - 15 = -5*z, -2*z - 3*z = -3*d - 15. Let w be (416/(-10))/(60/(-600)). Suppose -z*o = o - w. What is the tens digit of o?
0
Let n(j) = 11*j**2 + 28*j + 218. What is the thousands digit of n(26)?
8
Let c(r) = 51*r**2 + 13*r - 95. What is the thousands digit of c(8)?
3
Suppose -226*t - 348 = 3*j - 223*t, -473 = 4*j + t. Let m = -15 - -104. Let x = m - j. What is the hundreds digit of x?
2
What is the tens digit of (2948/402)/(((-32)/(-26700))/8)?
5
Suppose 48943 + 98142 = 23*q. What is the units digit of q?
5
Let d be 249*((-2665)/255 + 2/17). Let f = 4334 + d. What is the units digit of f?
1
Suppose -n = -3*n - 14. Let j = 1159 - 1151. Let l = j - n. What is the tens digit of l?
1
Suppose -3*z + r = -15067, -7*r + 25107 = 5*z - 4*r. What is the hundreds digit of z?
0
Let a = 53 - 49. Let h(o) = 4*o - 8. Let t be h(a). What is the tens digit of t + 8/(-12)*-6?
1
Suppose 4*g - 7254 = -z, -62*g + 57*g = -10. What is the hundreds digit of z?
2
Let c(n) = -1873*n - 637. What is the tens digit of c(-10)?
9
Let f be 99*(-1)/(-15)*5. Suppose 4 = -t - 1, 2*b - f = 5*t. Suppose 4*d + 296 = b*o, -3*d - 25 = 2*d. What is the tens digit of o?
6
Let k(d) be the first derivative of -24*d**2 + 6*d + 35. Let v be k(2). What is the tens digit of -3 - (v + 4/8*-8)?
9
Let q = 37 + -73. Let n = q - -52. What is the units digit of 1132/n + (-3)/(-12)?
1
Let w(l) = l**2 + 41*l + 227. What is the tens digit of w(57)?
1
Suppose -265004 = -20*b - 88484. What is the thousands digit of b?
8
Let j = -35356 - -55669. What is the thousands digit of j?
0
Let n(m) = -2*m**3 + 4*m**2 + 2*m - 2. Let w be n(-1). What is the units digit of w/(-6)*-701 - (-18)/54?
4
Suppose -115 - 3915 = -5*a + 3*b, -4*a - 4*b + 3192 = 0. Suppose -15*s = a - 2078. What is the tens digit of s?
8
Let h = -607 + 579. What is the hundreds digit of h*((11 - 4) + -38)?
8
Let v = 509 + 12194. What is the units digit of v?
3
Suppose 0 = -a + 3, 19*s = -91*a + 88*a + 841671. What is the tens digit of s?
9
What is the thousands digit of (612821/319 - (-4)/(-58))/1?
1
Suppose 95*d - 93*d - 10 = 0. Suppose 2*y = 3 + d. Suppose -5 = y*z - 537. What is the tens digit of z?
3
Let p = -393 - -235. Let c be 224190/690 - (-2)/23. Let w = p + c. What is the units digit of w?
7
Let m(d) = -d**3 - 2*d**2 + 13*d + 2. Let a be (48/(-10))/(-4)*(7 + -12). Let p be m(a). What is the units digit of 346/8 - 17/p?
3
Let w = 26434 - 19270. What is the tens digit of w?
6
Let b(o) = 383*o**2 - 52*o + 53. Suppose 15 = -5*y - 4*z, z + 16 = -2*y + 13. What is the hundreds digit of b(y)?
3
What is the ten thousands digit of (-157280)/(-11) - (-3)/(-22)*28/21?
1
Suppose 3*h - 175866 = -4*k, -k = 4*h + 80028 - 314542. What is the tens digit of h?
3
Let f be ((-172)/8 + 2)/((-1)/(-2)). Let b be f*(3 - (-124)/(-6)). Let j = b - 469. What is the tens digit of j?
2
Let f(b) = -293*b + 9. Suppose 0 = -2*q + 5*i - 6 - 0, -5*q = i + 15. What is the tens digit of f(q)?
8
Let i(x) = 58*x - 14. Let w be i(6). Suppose 18*o + w = 17*o. What is the units digit of o/(-10) - 2/5?
3
Let w(a) = 6346*a**2 - 11*a - 6. What is the tens digit of w(-2)?
0
Let h = -149 - -153. What is the hundreds digit of 173 + (-7 - (0 - h))?
1
Suppose -r - 2*b + 51 = 0, 5*r - 4*b = 245 + 80. Let c = 305 - r. Suppose -5*m - c = -u, -11*u + 5*m = -9*u - 493. What is the hundreds digit of u?
2
Suppose 28*o - 31*o = 2*u - 23554, 5*o = -5*u + 58895. What is the tens digit of u?
8
Let y(g) = 40*g**2 - 2*g - 1. Let m = -68 - -71. Suppose -z + 2 = -m*z. What is the units digit of y(z)?
1
Let i be (2/(-2))/(5/95*1). What is the units digit of i + 10 - (-424 - -2)?
3
Let j be 2 + (0 - 2) + (-12 - -4). Let k be (-4)/j*-2 + -5. What is the tens digit of 130 - -3 - (-5)/(15/k)?
3
Let w be (-1 - 0/2)/(4/(-12)). Suppose 0 = 4*n + w*n - 371. Let j = -47 + n. What is the units digit of j?
6
Let q(m) = 119*m + 410*m - 140 - 820*m.